*3 - 34*u**2 - 8*u + 13. Calculate d(7).
6
Let a(t) = t**3 - 98*t**2 + 1546*t + 1088. Calculate a(78).
-4
Let d(f) = f**3 - 17*f**2 - 32*f - 126. What is d(19)?
-12
Let b(l) = -l**3 - 38*l**2 - 69*l - 237. Calculate b(-36).
-345
Let f(x) = 218*x - 2238. Determine f(12).
378
Let c(k) = k**3 - 42*k**2 - 49*k + 273. Calculate c(43).
15
Let w(z) = -4*z**3 - 35*z**2 - 16*z + 51. Calculate w(-7).
-180
Let h(r) = 3902*r + 27316. Calculate h(-7).
2
Let k(d) = -180*d - 2195. Calculate k(-12).
-35
Let m(n) = 2*n**2 + 36*n - 116. What is m(-19)?
-78
Let o(g) = 8*g**2 + 87*g + 7. What is o(-12)?
115
Let n(v) = v**3 - 44*v**2 - 18*v + 776. Determine n(44).
-16
Let k(g) = -93*g + 2510. Calculate k(27).
-1
Let y(s) = 327*s - 736. Determine y(2).
-82
Let v(w) = 2*w**2 - 13*w - 201. Calculate v(12).
-69
Let h(b) = -b**2 + 995*b + 22385. Give h(-22).
11
Let t(w) = -5*w**3 + 6*w**2 + 12*w - 4. Determine t(2).
4
Let r(o) = 146*o + 4811. What is r(-33)?
-7
Let w(t) = -19*t - 236. What is w(-16)?
68
Let c(f) = -f**2 + 34*f - 119. Give c(17).
170
Let r(a) = -2*a**2 - 1854*a + 1854. Determine r(1).
-2
Let b(n) = n**2 + 29*n + 148. Calculate b(-22).
-6
Let p(n) = 12*n**3 + 18*n**2 + n + 19. Determine p(-2).
-7
Let t(q) = -q**3 + 25*q**2 + 54*q - 15. Determine t(27).
-15
Let u(n) = 92*n - 4656. What is u(51)?
36
Let z(x) = 31*x + 510. Calculate z(-18).
-48
Let q(y) = 2*y**2 + 145*y + 290. Determine q(-2).
8
Let o(k) = 115*k + 3421. Give o(-26).
431
Let u(x) = -x**3 - 20*x**2 + 21*x - 44. Give u(-21).
-44
Let p(a) = -2*a**3 - 5*a**2 - 8*a + 2. Determine p(-3).
35
Let c(o) = o**2 + 39*o + 177. Give c(-9).
-93
Let k(f) = -f**3 + 7*f**2 - 10*f + 92. What is k(7)?
22
Let m(y) = -108*y - 8874. Give m(-82).
-18
Let i(o) = -5*o**2 - o - 8. Give i(4).
-92
Let i(g) = g**3 - 13*g**2 - 32*g + 22. Calculate i(15).
-8
Let j(q) = 37*q - 41. Determine j(3).
70
Let d(c) = -213*c - 3771. Determine d(-18).
63
Let m(i) = -3*i**2 + 44*i + 892. Calculate m(26).
8
Let d(h) = -2*h**3 - 97*h**2 + 49*h + 9. Determine d(-49).
9
Let p(d) = -48*d - 1032. Determine p(-22).
24
Let r(h) = -h**3 - 11*h**2 + 127*h + 35. What is r(-18)?
17
Let q(l) = 49*l + 296. Determine q(-6).
2
Let i(b) = b**3 + 54*b**2 + 2*b - 213. Determine i(-54).
-321
Let k(g) = 2*g**2 - 11*g - 91. Calculate k(-4).
-15
Let w(b) = -369*b - 14392. Calculate w(-39).
-1
Let c(r) = -14*r**3 + 621*r**2 + 1058*r + 3. Give c(46).
3
Let q(a) = -a**2 + 25*a - 60. Give q(23).
-14
Let i(k) = -2*k**2 - 3*k + 41. Determine i(-5).
6
Let k(t) = -12*t**3 - 27*t**2 - 2*t - 5. What is k(-3)?
82
Let d(m) = 11*m - 658. Determine d(62).
24
Let t(f) = 273*f - 2094. What is t(9)?
363
Let t(v) = -208*v + 4629. Give t(23).
-155
Let q(p) = 287*p - 8614. Give q(30).
-4
Let s(d) = -d**3 + 29*d**2 - 79*d + 8. Determine s(3).
5
Let v(m) = m**3 + 111*m**2 - 938*m + 1671. Calculate v(-119).
5
Let k(n) = -5*n**2 + 381*n - 2439. Calculate k(7).
-17
Let o(x) = -8*x**2 - 268*x - 136. What is o(-33)?
-4
Let o(k) = -166*k**2 - 2488*k + 10. Give o(-15).
-20
Let g(r) = r**2 + 56*r + 686. What is g(-14)?
98
Let i(c) = 23*c - 236. Determine i(8).
-52
Let i(h) = -119*h - 11647. Calculate i(-98).
15
Let k(n) = -2*n**2 - 2*n + 103. Calculate k(-14).
-261
Let u(a) = -3*a**3 - 16*a**2 - 45*a + 5. Determine u(-5).
205
Let h(d) = -19*d - 144. What is h(-6)?
-30
Let c(p) = -738*p - 5150. Calculate c(-7).
16
Let c(i) = -i**3 + 33*i**2 + 150*i + 23. Determine c(37).
97
Let l(b) = 622*b + 29868. Calculate l(-48).
12
Let q(z) = -z**3 + 9*z**2 - 69*z + 631. Calculate q(9).
10
Let p(q) = -4*q**2 + 7*q + 53. Determine p(11).
-354
Let q(a) = -6*a**2 + 226*a + 10. Calculate q(38).
-66
Let p(x) = x**2 + 161*x - 2663. What is p(-176)?
-23
Let v(n) = 123*n - 4878. Determine v(40).
42
Let z(p) = 5*p**2 - 24*p + 21. Give z(8).
149
Let c(l) = 6*l + 24. Give c(-3).
6
Let a(r) = r**2 - 45*r + 309. Give a(35).
-41
Let f(v) = -v**2 + 176. Determine f(-11).
55
Let u(r) = -r**2 + 10120*r - 201995. Give u(20).
5
Let g(i) = -19*i + 2187. Give g(115).
2
Let s(m) = 2*m - 137. Determine s(18).
-101
Let j(k) = 2*k**2 - 5*k + 15. Determine j(4).
27
Let f(c) = -1779*c + 1781. Determine f(1).
2
Let z(r) = r**3 - 15*r**2 - 10*r - 97. What is z(16)?
-1
Let o(a) = 42*a + 268. Calculate o(-10).
-152
Let x(v) = -v**3 + 34*v**2 - 130*v + 315. Give x(30).
15
Let o(u) = -16*u**3 + 11*u**2 + 13*u - 6. Calculate o(1).
2
Let g(x) = -4*x**2 - 78*x - 12. Give g(-20).
-52
Let n(c) = 22*c**3 - 880*c**2 - 2*c + 86. What is n(40)?
6
Let l(w) = w**2 - 277*w + 1611. What is l(6)?
-15
Let n(r) = r**2 - 51*r + 263. Calculate n(5).
33
Let h(s) = -4*s**3 - 75*s**2 + 15*s - 60. Give h(-19).
16
Let j(v) = -v**2 + v + 42. Calculate j(-14).
-168
Let c(p) = -p**3 + 8*p**2 - 576*p + 6696. Determine c(11).
-3
Let t(n) = -1319*n**2 + 1300*n. Calculate t(1).
-19
Let d(r) = 56*r**2 - 454*r + 40. Give d(8).
-8
Let x(v) = v**3 + 12*v**2 + 81*v + 193. What is x(-4)?
-3
Let u(w) = -69*w - 655. Give u(-10).
35
Let g(v) = v - 9. Calculate g(32).
23
Let w(p) = 9*p + 304. What is w(-31)?
25
Let v(k) = -6*k**3 + 46*k**2 - 4*k - 25. Calculate v(7).
143
Let z(p) = -2*p**3 - 12*p**2 + 5*p - 10. Determine z(-5).
-85
Let p(s) = 121*s + 1488. Calculate p(-12).
36
Let w(a) = -18*a**3 - 12*a**2 - 6*a + 2. Give w(-2).
110
Let f(j) = -352*j + 1273. What is f(3)?
217
Let b(j) = -j**3 - 3*j**2 + 74*j - 412. What is b(0)?
-412
Let a(o) = 5*o**2 + 134*o - 81. Calculate a(-28).
87
Let q(m) = -48*m**3 - 15*m**2 + 14*m - 1. What is q(1)?
-50
Let w(i) = -5059*i + 80942. Determine w(16).
-2
Let f(h) = h**2 - 151*h + 2284. Calculate f(17).
6
Let d(m) = m**3 + 14*m**2 + 5*m - 268. Give d(-11).
40
Let u(f) = -f**3 - 5*f**2 + 15*f + 17. What is u(-8)?
89
Let j(f) = -3*f**3 + 220*f**2 - 288*f - 8. Give j(72).
-8
Let h(k) = -158*k - 8212. Give h(-52).
4
Let w(h) = h**3 + 4*h**2 + 39*h + 564. Give w(-8).
-4
Let t(l) = -l**2 - 460*l - 13700. Determine t(-428).
-4
Let q(x) = 30*x + 274. Determine q(-27).
-536
Let u(i) = -13*i - 48. What is u(-5)?
17
Let r(q) = q**3 - 18*q**2 - 30*q - 32. Determine r(20).
168
Let o(s) = -s**2 - 56*s - 449. Give o(-44).
79
Let d(n) = 24*n + 120. What is d(-9)?
-96
Let n(m) = -173*m + 7381. Determine n(42).
115
Let f(v) = 2*v**3 - 23*v**2 + 1099*v - 11966. Calculate f(11).
2
Let x(r) = -7*r**2 - 48*r + 73. Give x(-8).
9
Let r(t) = 9*t + 266. Calculate r(-25).
41
Let m(n) = -662*n - 30455. What is m(-46)?
-3
Let c(l) = -2*l**3 + 9*l**2 - 66*l + 306. What is c(6)?
-198
Let f(q) = 155*q - 2066. What is f(8)?
-826
Let i(g) = -44*g + 894. Calculate i(19).
58
Let u(q) = q**3 - 92*q**2 + 16*q - 1483. Calculate u(92).
-11
Let w(x) = 594*x + 125339. Calculate w(-211).
5
Let i(c) = c**3 - 16*c**2 + 30*c - 33. Give i(14).
-5
Let g(y) = 2*y**3 - 13*y**2 + 36*y + 43. Calculate g(6).
223
Let a(c) = 19*c + 200. What is a(-18)?
-142
Let m(d) = -d**3 - 33*d**2 - 205*d - 124. Give m(-25).
1
Let z(t) = -57*t**3 - 3*t**2 + 2*t + 4. Calculate z(-1).
56
Let l(k) = k**3 + 15*k**2 - 25*k - 366. Determine l(-15).
9
Let x(g) = 2*g**3 + 8*g**2 - 35*g - 175. Give x(-4).
-35
Let m(o) = -9*o**3 + 6*o**2 - o - 4. Calculate m(1).
-8
Let g(v) = -142*v - 5802. Calculate g(-41).
20
Let s(a) = 10*a**2 + 61*a + 4. What is s(-6)?
-2
Let v(r) = 5*r + 123. What is v(-9)?
78
Let c(y) = y**2 - 26*y + 105. Calculate c(9).
-48
Let d(f) = f**2 + 77*f - 47. What is d(0)?
-47
Let o(h) = 34*h**2 - 827*h + 1649. Calculate o(2).
131
Let w(q) = 5*q**2 + 106*q + 55. Calculate w(-21).
34
Let c(w) = 3*w**3 - 5*w**2 + 29*w + 19. Calculate c(0).
19
Let c(n) = -n**2 + 88*n + 1075. What is c(99)?
-14
Let n(l) = 8*l - 195. Give n(24).
-3
Let g(h) = 2*h**3 + 40*h**2 + 32*h - 25. Determine g(-19).
89
Let c(v) = -586*v + 579. Calculate c(1).
-7
Let c(v) = -39*v**3 + v**2 + 2*v - 4. Give c(2).
-308
Let i(q) = -143*q - 710. What is i(-5)?
5
Let b(u) = -9*u - 377. Give b(-37).
-44
Let t(u) = 32*u - 63. Determine t(2).
1
Let w(x) = -38*x**2 + 6. Calculate w(-2).
-146
Let c(f) = -693*f + 56129. Calculate c(81).
-4
Let k(g) = -213*g - 4696. Give k(-22).
-10
Let z(w) = -120*w - 5757. What is z(-48)?
3
Let t(d) = d**2 + 415*d - 831. Give t(2).
3
Let h(n) = -n**3 - 2*n**2 + 24*n + 51. What is h(-3)?
-12
Let i(v) = v**3 - 155*v**2 + 13*v - 2065. What is i(155)?
-50
Let q(n) = -17*n**2 + 25*n - 7. What is q(5)?
-3